361 is divided by 406?
145
Calculate the remainder when 65563 is divided by 21498.
1069
Calculate the remainder when 8474406 is divided by 87.
84
Calculate the remainder when 2755513 is divided by 137754.
433
Calculate the remainder when 69181515 is divided by 224.
11
What is the remainder when 16613 is divided by 7672?
1269
What is the remainder when 4024923 is divided by 129?
123
Calculate the remainder when 4213303 is divided by 2106537.
229
Calculate the remainder when 1464346 is divided by 2113.
37
What is the remainder when 293711 is divided by 17277?
2
Calculate the remainder when 1076239 is divided by 538116.
7
Calculate the remainder when 4929527 is divided by 904.
15
What is the remainder when 144193 is divided by 206?
199
What is the remainder when 6215 is divided by 857?
216
What is the remainder when 49605 is divided by 23111?
3383
Calculate the remainder when 44437048 is divided by 706.
702
Calculate the remainder when 22608783 is divided by 347.
345
Calculate the remainder when 30236322 is divided by 13.
12
Calculate the remainder when 4648797 is divided by 75.
72
Calculate the remainder when 1496753 is divided by 806.
11
What is the remainder when 1230922 is divided by 615452?
18
Calculate the remainder when 1967314 is divided by 115.
9
What is the remainder when 979654 is divided by 11?
5
What is the remainder when 61097175 is divided by 56?
55
What is the remainder when 196488349 is divided by 2524?
2521
What is the remainder when 940897 is divided by 11701?
4817
What is the remainder when 205947 is divided by 12477?
6315
Calculate the remainder when 46100445 is divided by 933.
915
What is the remainder when 557023 is divided by 552?
55
What is the remainder when 185713 is divided by 2443?
45
Calculate the remainder when 619935 is divided by 7676.
5855
Calculate the remainder when 1449537333 is divided by 721.
720
What is the remainder when 82377215 is divided by 2832?
2831
What is the remainder when 48058028 is divided by 95?
93
What is the remainder when 727363 is divided by 242405?
148
Calculate the remainder when 3993835 is divided by 872.
75
What is the remainder when 10919698 is divided by 3629?
37
What is the remainder when 4523973 is divided by 171?
168
Calculate the remainder when 37749 is divided by 5329.
446
What is the remainder when 478885 is divided by 2704?
277
What is the remainder when 213006 is divided by 106492?
22
Calculate the remainder when 861235597 is divided by 8.
5
Calculate the remainder when 1085924 is divided by 256.
228
Calculate the remainder when 792210 is divided by 494.
328
What is the remainder when 7088219 is divided by 286?
281
Calculate the remainder when 3415073 is divided by 239.
2
What is the remainder when 47705561 is divided by 29?
10
Calculate the remainder when 450802 is divided by 190.
122
What is the remainder when 12084038 is divided by 783?
782
Calculate the remainder when 8505894 is divided by 225.
219
Calculate the remainder when 720482 is divided by 2564.
2562
What is the remainder when 6129164 is divided by 269?
268
What is the remainder when 2294790 is divided by 18965?
25
What is the remainder when 1758386 is divided by 877?
1
Calculate the remainder when 539664 is divided by 107916.
84
What is the remainder when 14635300 is divided by 1349?
1348
Calculate the remainder when 66934 is divided by 1451.
188
Calculate the remainder when 1254924 is divided by 10039.
49
Calculate the remainder when 4660007 is divided by 47551.
9
What is the remainder when 1858252 is divided by 32?
12
What is the remainder when 591900 is divided by 1570?
10
What is the remainder when 3118 is divided by 164?
2
Calculate the remainder when 144005 is divided by 193.
27
What is the remainder when 39113 is divided by 4783?
849
What is the remainder when 300866 is divided by 15827?
153
What is the remainder when 598308 is divided by 37?
18
What is the remainder when 1632288 is divided by 136005?
228
Calculate the remainder when 2578176 is divided by 859363.
87
What is the remainder when 463758 is divided by 461911?
1847
Calculate the remainder when 247253 is divided by 723.
710
Calculate the remainder when 3854726 is divided by 110129.
211
What is the remainder when 14985678 is divided by 191?
9
Calculate the remainder when 2467379 is divided by 94898.
31
Calculate the remainder when 2582215 is divided by 78233.
526
Calculate the remainder when 94118255 is divided by 18823649.
10
Calculate the remainder when 56980 is divided by 28489.
2
Calculate the remainder when 404237 is divided by 3548.
3313
What is the remainder when 308370110 is divided by 77092526?
6
What is the remainder when 202290 is divided by 40165?
1465
Calculate the remainder when 69542383 is divided by 168.
127
Calculate the remainder when 51793 is divided by 1518.
181
What is the remainder when 4974753 is divided by 623?
98
Calculate the remainder when 26083782 is divided by 210353.
10
Calculate the remainder when 226594 is divided by 54716.
7730
Calculate the remainder when 24469993 is divided by 436964.
9
Calculate the remainder when 33683 is divided by 4758.
377
Calculate the remainder when 8269446 is divided by 305.
286
What is the remainder when 182397977 is divided by 2227?
2223
What is the remainder when 1993583 is divided by 3290?
3133
What is the remainder when 86794138 is divided by 149?
148
Calculate the remainder when 181574 is divided by 2389.
10
What is the remainder when 849875 is divided by 149?
128
What is the remainder when 154423 is divided by 145?
143
What is the remainder when 1850922 is divided by 139?
137
What is the remainder when 79498 is divided by 8826?
64
Calculate the remainder when 1159651 is divided by 1437.
1429
What is the remainder when 5415714 is divided by 3100?
14
What is the remainder when 4507321 is divided by 149?
71
Calculate the remainder when 3366463 is divided by 1448.
1311
What is the remainder when 243932 is divided by 121598?
736
Calculate the remainder when 3706640 is divided by 75.
65
Calculate the remainder when 36468 is divided by 1813.
208
What is the remainder when 89136 is divided by 14850?
36
Calculate the remainder when 19614970 is divided by 3922984.
50
What is the remainder when 195165868 is divided by 2748815?
3
Calculate the remainder when 4034977 is divided by 570.
517
Calculate the remainder when 1940530 is divided by 116.
82
What is the remainder when 150494 is divided by 198?
14
Calculate the remainder when 41920054 is divided by 36.
34
Calculate the remainder when 117601 is divided by 411.
55
Calculate the remainder when 34181 is divided by 1502.
1137
What is the remainder when 63366 is divided by 2047?
1956
What is the remainder when 9111298 is divided by 6522?
64
What is the remainder when 84667 is divided by 478?
61
What is the remainder when 2099232 is divided by 699394?
1050
Calculate the remainder when 144444 is divided by 1407.
930
Calculate the remainder when 6123470 is divided by 55.
45
Calculate the remainder when 1284579 is divided by 43.
40
Calculate the remainder when 766735 is divided by 85067.
1132
Calculate the remainder when 98948 is divided by 4946.
28
What is the remainder when 659992 is divided by 4196?
1220
Calculate the remainder when 20868628 is divided by 293.
289
What is the remainder when 24190 is divided by 24190?
0
Calculate the remainder when 1591574 is divided by 217.
96
Calculate the remainder when 122094528 is divided by 94.
90
Calculate the remainder when 9612791 is divided by 56.
55
What is the remainder when 2574524 is divided by 15509?
30
Calculate the remainder when 944367 is divided by 188.
43
What is the remainder when 1702849 is divided by 6017?
38
What is the remainder when 25503296 is divided by 516?
512
Calculate the remainder when 84428 is divided by 84347.
81
What is the remainder when 6610317 is divided by 420?
357
What is the remainder when 1982303 is divided by 3045?
8
What is the remainder when 1923134 is divided by 773?
683
Calculate the remainder when 3540569 is divided by 30.
29
Calculate the remainder when 3417075 is divided by 42.
39
Calculate the remainder when 64700 is divided by 21380.
560
Calculate the remainder when 11511366 is divided by 44.
42
Calculate the remainder when 1128439 is divided by 6.
1
Calcula